6*v**2 + 3*v + 2. Give n(j).
15
Let k = -134 + 137. Let n(m) = -14*m**3 - m + 3*m**3 + 4*m**k + 2*m**3. What is n(1)?
-6
Let d(x) = -2*x**3 + 18*x**2 + 20*x + 27. Let k(r) = 15*r**3 - 146*r**2 - 161*r - 217. Let l(q) = 23*d(q) + 3*k(q). What is l(-23)?
-30
Suppose -2*c - c - 4*w = -118, -5*w = c - 32. Let o = -40 + c. Let r(u) = -o*u + 11 - 1 - 4. Calculate r(4).
-2
Let i(z) be the second derivative of -1/12*z**4 + 0*z**3 + 0 - 1/4*z**5 + 1/2*z**2 - 3*z. Suppose -10*b - 11 = -21. Determine i(b).
-5
Suppose -26 = 13*s, 3*v = -s - 14 + 72. Let j(g) = -g**3 + 22*g**2 - 32*g - 160. Give j(v).
0
Let z = -2 - -80. Let m(x) = 0 - 2 + 79*x - z*x. Let s = 44 + -41. Calculate m(s).
1
Let i(m) = m**2 - 10*m + 26. Suppose -13*t + 78 - 53 = -66. What is i(t)?
5
Let z(k) = -k + 1. Let w(l) = 4*l - 22. Let n(m) = 1. Let u(t) = 2*n(t) + w(t). Let v be u(5). Calculate z(v).
1
Let v(x) = -2*x + 15. Let k(m) = m + 1. Let y(g) = k(g) + v(g). Suppose -3*n = 92 + 130. Let h = n - -85. Determine y(h).
5
Let c(p) = -p**3 + 12*p**2 + 14*p + 16. Let m = 10183 - 10170. What is c(m)?
29
Let b(n) be the third derivative of n**6/120 - n**5/60 + n**4/12 - n**3/6 - 25*n**2. Suppose 4*q + 2 = 3*d - 9, -q - 2 = 0. Calculate b(d).
1
Let t(p) = -p**2 - 4*p**2 + 3*p**2 + 5*p - 6. Suppose -3*l - 4*o = l + 592, 291 = -2*l - 3*o. Let q = l + 157. What is t(q)?
-18
Let u = -1 + 3. Let l(h) = -12*h**3 + 3*h**2 - h - h**3 - 2*h**u - 4*h**3. Suppose -3*n - 5*r - 17 = 0, 5*n - r = 16 - 7. Give l(n).
-17
Suppose -249 - 483 = -12*t. Let g(z) = 124*z - 61*z - 10 - t*z. Suppose 12 = 4*a - 20. What is g(a)?
6
Let j(h) = -2*h. Suppose -13*c - 8*c - 2499 = 0. Let w be 2/(-17) + 462/c - -2. Calculate j(w).
4
Let i(x) be the first derivative of 3*x**2/2 + 7*x - 2087. Determine i(8).
31
Suppose 25*x - 21*x = -3*i + 420, 0 = 5*x + 15. Let l = i - 137. Let r(g) = -g**2 + 7*g + 1. Give r(l).
1
Let j(b) be the third derivative of b**5/120 - b**4/12 - 37*b**3/3 - 41*b**2 + 3*b. Let t(o) be the first derivative of j(o). Determine t(7).
5
Let b(w) = 2*w + 5. Let d be (36/10)/((-16)/40*16 + 6). Give b(d).
-13
Let u(j) = -j**3 - 4*j**2 + 2*j + 4. Let q be 8/10*(-5)/(-2). Suppose -30 = 5*a - 6*g + 3*g, 0 = -q*g + 10. Let k be a + 0/(4/4). Calculate u(k).
-11
Let o(a) be the first derivative of -a**3/3 + 47*a - 4718. Give o(0).
47
Let m(j) be the third derivative of -j + 1/60*j**5 - 22*j**2 + 0 + 3/8*j**4 + 1/2*j**3. Determine m(-7).
-11
Let z be 1/(-3 + (-95)/(-15) + -3). Let p(o) be the first derivative of o**3/3 - o + 15. Give p(z).
8
Let d(a) be the first derivative of 19*a**2/2 - 10*a + 208. Calculate d(1).
9
Let s(f) = -8*f**2 - f**3 + 0*f**2 + 5*f**3 - 7*f - 5*f**3 + 2. Let j = -175 - -168. Give s(j).
2
Let h(n) = 3*n - 1. Let b be 36/48 - (-4 - 6644/16). Let m be 56/b + -2 + 219/45. What is h(m)?
8
Let w(k) be the first derivative of -51*k**4/4 - 2*k**3/3 - k**2 - k - 3411. Give w(-1).
50
Let v(y) be the first derivative of 5*y**2/2 - y - 298. Let l = -11 + 12. Give v(l).
4
Let z(u) = u**2 - 18*u + 5. Suppose -4*v - 22 = -15*v, 2*k - 3*v = 30. Calculate z(k).
5
Let q(z) = -z**3 - 5*z**2 - 5*z + 4. Let r be q(-2). Let h(x) = -26*x + 25*x + 2 + 1 - r. Suppose -m = 1 - 7. Determine h(m).
-5
Let l(q) = -5*q**3 - 2*q**2 + 17*q + 7. Let w(d) = d**3 + 2*d**2 - 2*d. Let k(o) = l(o) + 6*w(o). Let a = -28 + 19. Calculate k(a).
43
Let a(b) = 4*b**2 - 10*b - 41. Let k(r) = -7*r**2 + 21*r + 76. Let z(p) = 5*a(p) + 3*k(p). Give z(14).
9
Let y(m) = 12*m**3 + m**2. Let n be 2/(-4) + 22/4. Let g = -2302 + 2336. Suppose 29 = n*i + g. What is y(i)?
-11
Let a(f) = -3*f**3 - 181*f**2 - 61*f - 73. Let s be a(-60). Let k(y) = -y**3 - 13*y**2 - y + 2. Give k(s).
15
Let a(r) = -r**3 - 3*r**2. Let m be a(-3). Let b be (1 + 6/(-4))*m. Let j(p) be the first derivative of -p**3/3 + 8*p + 43950. Give j(b).
8
Let m(g) = -11*g - 129. Let j(d) = -12*d - 115. Let q(w) = 9*j(w) - 8*m(w). What is q(-3)?
57
Let a = 33 + -33. Suppose 4*u - 21 + 41 = a. Let f(t) = -3*t**2. Let g(s) = -13*s**2 + s. Let b(o) = 9*f(o) - 2*g(o). What is b(u)?
-15
Let d(k) = -4*k - 6. Let c be d(-2). Let z(i) = i + i**c - 331*i**3 - 330*i**3 + 664*i**3. Let a be (-2)/(-4)*4 - 3. Determine z(a).
-3
Let p(g) = g - 19. Suppose -l + 7 = -2*b, -4*b = 4*l + 33 - 85. Determine p(l).
-8
Let u be -1 + 4 - (-18 - -19). Let q(j) = -42*j**2 - j**3 - 52*j**u + 3 + 103*j**2. Calculate q(9).
3
Suppose 5*t - 9*u + 11*u = 5, -32 = -4*t + 4*u. Let i(g) = -4*g**3 - 27*g**2 + 6*g**3 - 3*g - g**3 + 24*g**2 + 2*g. Determine i(t).
-3
Let w = -5969 + 5985. Let u(h) = h**3 - 16*h**2 + 3*h - 48. Calculate u(w).
0
Let g(w) = 2*w**3 + 15*w**2 + 20*w + 20. Let h be g(-6). Let l(f) = -f**3 + 6*f**2 + 7*f + 29. Give l(h).
-43
Let b(w) be the second derivative of -w**5/10 + w**4/4 + 5*w**3/6 + 3*w**2 + 4731*w. What is b(-2)?
24
Suppose 0 = 3*w - 3*a + 48, -4*w - 3332*a - 43 = -3333*a. Let k(u) = u**2 + 10*u + 24. Calculate k(w).
15
Suppose 895 - 9153 = 505*l + 5882. Let t(w) = 2*w**2 + 56*w - 2. Give t(l).
-2
Suppose 49 = 38*i - 31*i. Let j(z) = -32*z - 6 - z**3 + 2 - i*z**2 + 14*z + 15*z - 4. Determine j(-6).
-26
Suppose -j - 5*u - 7 = 0, u = 5*j + 4*u + 13. Let y(w) be the third derivative of w**4/24 - w**3/3 + 3*w**2 + 9. What is y(j)?
-4
Suppose 3*j - 2*j + 4*r = 153, -2*j - 4*r = -294. Suppose j = 40*b + 7*b. Let y(q) = 3*q - 11. What is y(b)?
-2
Let k be 3 - 6/(6/(-25)). Let b(t) = -t**2 + 25*t + 78. Let w be b(k). Let q(l) = 2*l - 1. Calculate q(w).
-13
Let i(b) = -2*b**2 - b. Let w be i(1). Let j(o) be the third derivative of -5/24*o**4 - 1/60*o**5 - 14 + 0*o - 2/3*o**3 - 5*o**2. Determine j(w).
2
Let y(n) = n**3 - 22*n**2 - 51*n + 52. Let t be y(24). Let b(g) = 2*g**2 + 39*g - 20. Determine b(t).
0
Suppose p - 35 = 5*q, -3*p + 48 = -2*q + 47. Let d(h) = h**3 + h**2 - 1. Let l(z) = -z**3 - 17*z - 4. Let i(x) = 2*d(x) + l(x). What is i(p)?
4
Let q(n) be the third derivative of n**6/120 - 3*n**5/20 + 7*n**4/24 + 5*n**3/6 - n**2. Let g(w) = -w**3 - 16*w**2 - 20*w - 67. Let b be g(-15). Give q(b).
-3
Let l(m) = m**3 - 6*m**2 + 3*m - 5. Suppose -2*u + 3*u = 0. Suppose u = -r - 5*o - 70, o - 90 = r - 4*o. Let d = 85 + r. Give l(d).
-15
Let m(i) = -5*i - 3. Let l be m(4). Let d = l + 24. Let z(g) = -12*g**2 + g + 7. Let h(u) = -18*u**2 + u + 10. Let f(r) = 5*h(r) - 7*z(r). Calculate f(d).
-7
Suppose -b = 4*m - 20, 0 = -0*m + 2*m - 10. Let d(z) = -z**3 + 8*z**2 + 12*z - 20. Let w be d(9). Let t(f) = -f**2 + 6 - 17 - f + w. What is t(b)?
-4
Suppose -3*d + 8 = -4*d. Let i(z) = -351 - z**2 - 8*z - 343 - 347 + 0*z**2 + 1049. What is i(d)?
8
Let j(v) = -4*v**2 + 0*v + v**3 + 4 + v - 3. Let k(r) = -r**3 - 24*r**2 + 52*r - 2. Let z be k(-27). Let d = -777 + z. Determine j(d).
5
Let d(y) = y**2 + y - 3. Let n(h) = -17*h - 329. Let c = 468 - 487. Let x be n(c). Determine d(x).
27
Let z = -1330 - -1332. Let p(r) be the first derivative of r**2 + 1/4*r**4 + 4/3*r**3 + z*r + 13. Calculate p(-4).
-6
Let a(q) = q**3 + q - 1. Let d(y) = -y**2 + 3*y - 2. Let t(l) = -a(l) + d(l). Let i = -86 + 179. Suppose 0 = -2*f - 97 + i. Determine t(f).
-1
Let k(v) = -5*v**2 + 21*v - 16*v + 4*v**2 + 3*v**2 - 38. Determine k(-6).
4
Let b(j) be the third derivative of 3*j**4/8 + 4*j**3/3 + 5898*j**2. What is b(-4)?
-28
Let y(g) = 1 + 7*g**2 + 16*g**2 - g**3 - 25*g**2 - 2*g. Let k = -88 + 177. Let x = -91 + k. What is y(x)?
5
Let i(p) be the third derivative of -p**6/120 + 3*p**5/10 - p**4/6 + 7*p**3/3 - 89*p**2 - 10*p. Determine i(18).
-58
Let t(r) = 11*r**3 + 5*r**2 - 7*r + 1. Let o be t(3). Let p = o + -311. Let s(a) = a**2 - 11*a + 6. Determine s(p).
6
Let x(b) = -234*b**3 + 115*b**3 + 2*b**2 + 5*b + b**2 + 10 + 120*b**3. Give x(-3).
-5
Let o(l) = -l**3 - 13*l**2 - 39*l - 1. Let f be o(-4). Let c(m) = -f - 4*m - m**2 + 7*m + 4 - m + 8*m. Suppose -2*y = 4*i - 0*i, -2*y + 30 = -2*i. Give c(y).
-7
Let a(o) be the second derivative of o**3 - 1/12*o**4 - 2*o**2 + 2 + o. Calculate a(6).
-4
Let q(x) = -x**3 - 5*x**2 + 8*x + 8. Suppose -4*i + 5*t = 44, 0 = i - 9*t + 14*t - 14. Give q(i).
-4
Let f(p) be the second derivative of -p**7/2520 - 13*p**6/720 - 17*p**5/120 - 73*p**4/6 + 102*p. Let r(m) be the third derivative of f(m). What is r(-11)?
5
Let j be (-18)/(-8)*(-872)/327. Let q(g) = g**3 + g**2 + g - 1. Let o(d) = 7*d*